25d67?
25d62
In base 4, what is 2202 + 13132?
22000
In base 13, what is -1006cc8 - 1?
-1006cc9
In base 6, what is 205005 + 3?
205012
In base 2, what is -10 + -11000001011111010111?
-11000001011111011001
In base 7, what is 6 - 143511?
-143502
In base 4, what is 11333033 + 13?
11333112
In base 14, what is -6 - -3dc8?
3dc2
In base 12, what is -12 + -1832b?
-18341
In base 13, what is -1450 - 5a?
-14aa
In base 8, what is 2600206 + -1?
2600205
In base 2, what is 101 + 110111001100100?
110111001101001
In base 11, what is -3 - -aa1679?
aa1676
In base 13, what is 0 - 54c0c?
-54c0c
In base 5, what is 14104 - -1341?
21000
In base 6, what is -302 + 21?
-241
In base 9, what is 4 - 1847?
-1843
In base 3, what is 110000111 + 10?
110000121
In base 10, what is 1439 - 185?
1254
In base 2, what is 110110110101110110010 - 100?
110110110101110101110
In base 7, what is -16334 - -32?
-16302
In base 14, what is -59b7 - -b?
-59aa
In base 3, what is 11112122 - -20?
11112212
In base 3, what is -2 - 22111000?
-22111002
In base 4, what is 100201 + -3012?
31123
In base 16, what is -15 - 6803?
-6818
In base 5, what is 114234 - -11?
114300
In base 4, what is 1000 - -2211?
3211
In base 16, what is -4 - 14aa?
-14ae
In base 7, what is 40110 + -62?
40015
In base 4, what is -10031033230 - -10?
-10031033220
In base 8, what is -10656 - -116?
-10540
In base 9, what is -4 + 47817?
47813
In base 5, what is 143422144 + -4?
143422140
In base 7, what is 4551263 - -2?
4551265
In base 10, what is 3 - 54093?
-54090
In base 9, what is 483 + -5701?
-5207
In base 15, what is 5 + 2e0c?
2e12
In base 10, what is 0 + -64308?
-64308
In base 6, what is 1232 + -351?
441
In base 13, what is 394685 + -5?
394680
In base 4, what is 3 + -3120331?
-3120322
In base 8, what is 1 + -656?
-655
In base 14, what is -5 - 288?
-28d
In base 5, what is -21 + -20104404?
-20104430
In base 12, what is -6a + 6b9?
64b
In base 9, what is -1155221 + -5?
-1155226
In base 8, what is -2 + 442?
440
In base 10, what is -941 + -21?
-962
In base 12, what is 101 - 212?
-111
In base 12, what is 632a + -2?
6328
In base 3, what is 200121212 - -221?
200122210
In base 5, what is 11121120 + 0?
11121120
In base 8, what is -145 + -15133?
-15300
In base 12, what is -59 + 1087?
102a
In base 13, what is -2 + -b87?
-b89
In base 15, what is 1e5 + -19c?
48
In base 16, what is c9 + -1234?
-116b
In base 11, what is -74 - 2754?
-2818
In base 11, what is -95018 + 10?
-95008
In base 2, what is 100 + 10100100111001101?
10100100111010001
In base 11, what is -7 + 146402?
1463a6
In base 15, what is -11b + -595?
-6b1
In base 8, what is -41 + -121522?
-121563
In base 2, what is -1011 + -1000100010000101?
-1000100010010000
In base 9, what is -3 + 4335?
4332
In base 14, what is -5 - -1c7aac?
1c7aa7
In base 13, what is -316 + -66c?
-985
In base 13, what is -9b18 + b?
-9b0a
In base 7, what is -213 + 2403?
2160
In base 13, what is -5165 + -6?
-516b
In base 11, what is 0 + 40829?
40829
In base 16, what is -152bad + -1?
-152bae
In base 6, what is 11121400 - 0?
11121400
In base 8, what is 224360 + 2?
224362
In base 9, what is 26 - -2102?
2128
In base 4, what is 0 + 1312100?
1312100
In base 9, what is 408716 - 0?
408716
In base 10, what is 2 + -112255?
-112253
In base 2, what is 11001000 + 11000111100000?
11001010101000
In base 11, what is -133 - a?
-142
In base 6, what is 4 - 221402?
-221354
In base 10, what is -3250 - -172?
-3078
In base 5, what is 2 + 321202?
321204
In base 4, what is 12013021 + 10?
12013031
In base 2, what is 1011101100 - 11001?
1011010011
In base 16, what is 38df + 1eb?
3aca
In base 10, what is 62032 - 5?
62027
In base 8, what is 27 - 225533?
-225504
In base 13, what is -1047 + -38?
-1082
In base 5, what is 10 + -13414412?
-13414402
In base 3, what is 202102 - 22111?
102221
In base 14, what is 7dc37 + -3?
7dc34
In base 13, what is -14ccc + 4?
-14cc8
In base 4, what is -122312 + -100?
-123012
In base 8, what is 16547 - 45?
16502
In base 5, what is -21013 + 1444?
-14014
In base 12, what is 110790 - -5?
110795
In base 13, what is -10a4c + 60?
-109bc
In base 3, what is -1 - -20201222220?
20201222212
In base 16, what is 5 + -15c1?
-15bc
In base 7, what is -1105263 - 3?
-1105266
In base 3, what is -11 - 11001211112?
-11001211200
In base 8, what is -13705 + -257?
-14164
In base 12, what is 10b + 122?
231
In base 10, what is -21 + -310?
-331
In base 6, what is 130054 + -2?
130052
In base 9, what is -752 + -66?
-828
In base 10, what is 30 - -225?
255
In base 10, what is -85827 - -2?
-85825
In base 3, what is -10010 + -2112?
-12122
In base 4, what is 2121301 + 1030?
2122331
In base 5, what is -21300 + -4343?
-31143
In base 2, what is 10010101111001 - -110110100?
10011100101101
In base 13, what is -9a + 42?
-58
In base 16, what is 6 + ccc5?
cccb
In base 15, what is -5 - 4ab79?
-4ab7e
In base 15, what is 311 - -1d8e?
21a0
In base 10, what is 10074 - -17?
10091
In base 16, what is 154 - -cfa?
e4e
In base 9, what is 1385655 - -5?
1385661
In base 12, what is a483 - -1?
a484
In base 15, what is 6341 + 78?
63b9
In base 13, what is 2a4 - 7?
29a
In base 2, what is 1010010110111110 - 10?
1010010110111100
In base 11, what is -974 + -342?
-1206
In base 5, what is 1231304114 + -1?
1231304113
In base 13, what is -5 + 13026?
13021
In base 10, what is 1357 + -11?
1346
In base 16, what is -2e2 + 60?
-282
In base 16, what is -151b - 3?
-151e
In base 3, what is 20020 + 2122122?
2212212
In base 5, what is 1242 - 13042?
-11300
In base 2, what is -100101001111100 - -10?
-100101001111010
In base 8, what is -11 - 13663?
-13674
In base 11, what is 878260 + 1?
878261
In base 16, what is -b043 + -2?
-b045
In base 8, what is -735 + -177?
-1134
In base 8, what is 153 + 103?
256
In base 13, what is 9a - -3a29?
3ac6
In base 11, what is -71 + 25a?
199
In base 2, what is 1101000001000010 + -10?
1101000001000000
In base 6, what is 3124 + -1055?
2025
In base 8, what is -1 - -5430?
5427
In base 7, what is 143 - 5162?
-5016
In base 7, what is -62151 - 13?
-62164
In base 10, what is 600 + -1546?
-946
In base 12, what is -36 + 549?
513
In base 14, what is -87 - -19c?
115
In base 12, what is -9098a - -5?
-90985
In base 12, what is 2a6b5 - 5?
2a6b0
In base 13, what is b + 85255?
85263
In base 2, what is 100110101000010000 + 1?
100110101000010001
In base 4, what is -311102110200 + -3?
-311102110203
In base 13, what is 5 + -c1345?
-c1340
In base 13, what is -400 + 7?
-3c6
In base 8, what is 6 - 20071?
-20063
In base 8, what is 3521 - -20?
3541
In base 4, what is -11121320 + 2?
-11121312
In base 13, what is 156 + 1347?
14a0
In base 13, what is -3 - -1176?
1173
In base 6, what is 11215221 - -1?
11215222
In base 13, what is 2845 + 302?
2b47
In base 14, what is -5 - -71474?
7146d
In base 2, what is -11100110100 + 10100110?
-11010001110
In base 2, what is 1110101000100 + 11?
1110101000111
In base 13, what is -c + -43448?
-43457
In base 12, what is 219 - 4036?
-3a19
In base 16, what is -3 + 10466?
10463
In base 10, what is 38 + -783?
-745
In base 10, what is -6 - -57351?
57345
In base 16, what is 1d1d3 + 0?
1d1d3
In base 3, what is -101222 - 2002021?
-2111020
In base 2, what is -1011101000 - -1001000100000?
111100111000
In base 8, what is -3717 + -3575?
-7514
In base 11, what is 374a56 + 3?
374a59
In base 15, what is -71d1 - d?
-71de
In base 7, what is -13 - 4136?
-4152
In base 8, what is -150021 - -2?
-150017
In base 12, what is -32507 - 6?
-32511
In base 15, what is e1449 + -4?
e1445
In base 11, what is 2 + 811729?
811730
In base 3, what is -21200 + 12221210?
12200010
In base 16, what is -11 - -93?
82
In base 5, what is 1 + 4103300?
4103301
In base 3, what is 1 + 10220202?
10220210
In base 4, what is 10000101 + 10?
10000111
In base 8, what is 12416 - -11?
12427
In base 9, what is -6367 - -4?
-6363
In base 13, what is -52 - -2cc?
27a
In base 14, what is 787 + -270?
517
In base 16, what is -346ba + b?
-346af
In base 4, what is -10 + 212212?
212202
In base 16, what is -1a985 - -4?
-1a981
In base 11, what is -5 + 233259?
233254
In base 16, what is -524d - 1?
-524e
In base 4, what is 33221132133 + -3?
33221132130
In base 6, what is -14 + 353130?
353112
In base 11, what is -718a + 119?
-7071
In base 11, what is 80a5a - 0?
80a5a
In base 9, what is -1 - 31687?
-31688
In base 2, what is 10 + 1100010101